he highest common factor of 11506 and 1111726979.
5753
Calculate the greatest common divisor of 3650300 and 1026755.
865
What is the greatest common factor of 72 and 6994680?
24
Calculate the highest common factor of 3430 and 557721430.
3430
What is the greatest common factor of 1683 and 63734139?
153
What is the greatest common divisor of 7812 and 77196?
84
What is the greatest common factor of 8241 and 2154720?
201
Calculate the highest common divisor of 7281152 and 640.
128
Calculate the greatest common factor of 170550 and 249382.
758
What is the highest common factor of 11 and 16588891?
11
Calculate the highest common factor of 19135387 and 12427.
731
Calculate the highest common divisor of 30455 and 1915.
5
Calculate the greatest common factor of 794603 and 11296.
353
What is the highest common factor of 644 and 601955816?
644
Calculate the greatest common factor of 100317764 and 424.
212
What is the greatest common divisor of 10 and 18438890?
10
Calculate the highest common divisor of 78375 and 6303.
33
Calculate the greatest common factor of 8967 and 906216.
183
Calculate the greatest common factor of 2504 and 4136.
8
Calculate the highest common divisor of 201365879 and 118.
59
What is the highest common factor of 35 and 273625205?
35
Calculate the greatest common factor of 58141 and 596768.
1097
Calculate the highest common factor of 68964800 and 14400.
1600
Calculate the greatest common divisor of 601773 and 6.
3
What is the greatest common divisor of 53740 and 9220?
20
Calculate the greatest common divisor of 14425 and 3313175.
25
Calculate the highest common divisor of 790087628 and 44.
44
What is the highest common factor of 806 and 252602942?
62
What is the greatest common factor of 109575 and 6017859?
4383
What is the highest common factor of 730596 and 68052?
1284
Calculate the greatest common divisor of 5256 and 31468986.
1314
Calculate the greatest common factor of 522 and 5072.
2
Calculate the greatest common factor of 2049572 and 364.
28
Calculate the highest common divisor of 448624 and 80.
16
What is the greatest common factor of 1022 and 8094751?
511
What is the highest common divisor of 12736 and 67264?
64
Calculate the highest common divisor of 70916 and 1908.
4
Calculate the highest common factor of 54370792 and 14.
14
Calculate the greatest common divisor of 185318 and 9923480.
5978
What is the greatest common factor of 477 and 36538677?
477
Calculate the greatest common factor of 4891524 and 528.
132
Calculate the highest common factor of 100 and 6524220.
20
Calculate the highest common divisor of 8587418 and 9016.
322
What is the greatest common divisor of 1972 and 205117?
29
What is the greatest common factor of 527752613 and 141?
47
Calculate the highest common factor of 26265 and 399585.
255
What is the greatest common factor of 10392690 and 3?
3
What is the greatest common divisor of 20 and 42838570?
10
What is the highest common factor of 668427 and 4656?
291
Calculate the greatest common divisor of 206910 and 115830.
990
Calculate the greatest common factor of 2091 and 40306813.
697
What is the greatest common divisor of 1090480 and 1714970?
3170
What is the greatest common divisor of 45280 and 131304?
8
What is the greatest common factor of 1398732 and 2363280?
2748
What is the greatest common factor of 2 and 5315949?
1
What is the highest common divisor of 9899328 and 12?
12
Calculate the highest common factor of 520 and 11596936.
104
Calculate the highest common factor of 39220116 and 468.
156
What is the highest common factor of 1069879 and 13481?
61
What is the greatest common factor of 14656104 and 5076?
1692
Calculate the greatest common factor of 714670 and 7227.
803
What is the greatest common divisor of 484732 and 65669?
677
Calculate the greatest common divisor of 9243 and 5293.
79
Calculate the greatest common factor of 516 and 1479632838.
258
Calculate the greatest common factor of 22042486 and 5338.
314
Calculate the greatest common factor of 2603 and 2256934.
19
Calculate the greatest common divisor of 6364 and 11838631.
1591
What is the greatest common divisor of 11541348 and 576?
36
Calculate the greatest common divisor of 252603 and 102489.
381
Calculate the greatest common factor of 67456 and 215450.
62
Calculate the greatest common factor of 130 and 487990.
10
What is the greatest common divisor of 10962688 and 2816?
2816
What is the greatest common factor of 1164704 and 269824?
544
What is the greatest common factor of 1 and 10133316?
1
Calculate the highest common divisor of 152424818 and 46.
46
Calculate the highest common factor of 544 and 2922674.
34
What is the greatest common factor of 1608 and 156378?
402
Calculate the greatest common divisor of 41314 and 956578.
3178
What is the greatest common factor of 7072 and 7174784?
32
What is the greatest common divisor of 899 and 762139836?
899
Calculate the highest common factor of 18 and 18169506.
18
Calculate the greatest common factor of 3535232 and 497.
71
What is the greatest common divisor of 10440 and 171391392?
2088
Calculate the highest common divisor of 256 and 688216.
8
Calculate the highest common divisor of 2430 and 5115474.
162
Calculate the greatest common factor of 6801186 and 1512.
42
Calculate the greatest common divisor of 75134 and 732.
2
What is the greatest common factor of 11395 and 2862295?
215
Calculate the greatest common factor of 1090 and 194210641.
109
Calculate the greatest common divisor of 30082 and 4675554.
338
Calculate the highest common divisor of 104722 and 18.
2
Calculate the highest common factor of 299598 and 531024.
1794
What is the highest common divisor of 10948 and 138925612?
644
Calculate the greatest common factor of 17 and 94791337.
17
Calculate the greatest common divisor of 3645 and 11398185.
135
What is the greatest common divisor of 541695 and 34505?
335
What is the greatest common divisor of 609 and 672114324?
609
What is the highest common factor of 143064 and 13909?
1987
What is the greatest common factor of 1325 and 609094550?
1325
What is the greatest common divisor of 39773977 and 11972?
2993
Calculate the highest common divisor of 3033385 and 2665.
205
Calculate the highest common divisor of 47434 and 9462442.
1282
Calculate the greatest common factor of 520 and 14765180.
20
What is the greatest common factor of 13010 and 3402115?
6505
Calculate the greatest common factor of 4039875 and 504.
63
What is the greatest common factor of 473 and 4506185?
43
What is the highest common factor of 24304 and 3348464?
784
What is the highest common divisor of 10640604 and 24?
12
Calculate the greatest common divisor of 4224 and 174258816.
384
What is the greatest common divisor of 15062 and 105427798?
886
Calculate the greatest common factor of 42 and 1151833270.
14
What is the highest common divisor of 41930352 and 2828?
404
Calculate the highest common factor of 1408122972 and 36.
36
Calculate the highest common factor of 72 and 1482687.
9
Calculate the greatest common factor of 221 and 7902635.
13
What is the greatest common divisor of 15012 and 2865902?
278
What is the greatest common factor of 3917328 and 1344?
48
Calculate the highest common divisor of 210 and 32385630.
30
What is the greatest common divisor of 270026 and 1255584?
82
Calculate the greatest common divisor of 290677237 and 986.
493
Calculate the highest common divisor of 12478 and 45765634.
734
Calculate the greatest common divisor of 52 and 5902.
26
What is the highest common factor of 3445 and 233032785?
265
What is the greatest common divisor of 5504512 and 12272?
208
What is the highest common divisor of 5813988 and 186?
186
Calculate the greatest common factor of 638930 and 758390.
1810
Calculate the greatest common factor of 6588 and 3411.
9
Calculate the greatest common divisor of 928 and 25664768.
928
What is the highest common factor of 1441568 and 3272?
8
What is the greatest common factor of 5280 and 10269930?
330
What is the highest common divisor of 670 and 16578078?
134
What is the greatest common factor of 11957355 and 2185?
115
Calculate the greatest common divisor of 776728998 and 828.
414
Calculate the greatest common divisor of 179135014 and 404.
202
What is the greatest common factor of 1555294 an